-5
12
Calculate -19 + 0 + (30 - 32) + 14.
-7
What is the value of 14 + 9 + (-6 + 1 - (20 - 28))?
26
What is -101 + -18 + 52 - -44?
-23
Calculate (141 - 130) + (-39 - (0 - 0)).
-28
What is -6 + 3 + (3 + 0 - (6 - 1))?
-5
What is the value of 15 + -10 + 4 + -15?
-6
What is -11 + (11 - 19 - -24) + -8?
-3
Evaluate (1 - 0) + -11 + (-7 - -9) + 9.
1
What is the value of -12 - (11 - 31 - -2)?
6
What is the value of -19 + 2 + (-205 - -200)?
-22
What is 3 + 30 - (11 - (-13 - -26 - 5))?
30
2 - (-8 + 10) - (3 - -7)
-10
What is 0 - (6 + 3) - 25?
-34
Calculate 5 - (14 - (15 + -8) - (1 - 7)).
-8
What is the value of -10 + 90 + -52 - (11 + -1)?
18
What is the value of 11 + (4 + -5 - 10)?
0
5 + -10 + 7 - (-7 - 12)
21
(5 + 16 - 13 - (19 - 3)) + -2
-10
Calculate -15 + (14 + -42 - -59).
16
What is -40 + -19 + 42 + (-2 - -1)?
-18
30 - 24 - -16 - 22
0
What is (2 - 4) + -2 + (-40 - -44)?
0
What is -3 - -4 - 13 - (112 - 103)?
-21
What is the value of -12 + (6 + (6 - 0) - 2 - 7)?
-9
Calculate (9 + -4 + -6 - 17) + 8.
-10
Calculate 0 + 4 - (-23 + 8 + 13).
6
What is the value of (14 - 9) + 15 + -25 + 25?
20
Evaluate 7 + (-24 - -12) - 0.
-5
What is -24 + (-90 - -91 - (-2 - -3 - 8))?
-16
-2 + -6 - (-383 + 359)
16
Evaluate 2 + 18 - 26 - (-6 - 37).
37
Calculate -5 - (-6 - (12 + -11)).
2
What is 29 + 6 + -12 + -16?
7
Evaluate (-1 - (1 - -1)) + (-760 - -754) - 2.
-11
5 + -20 + (-12 - -13)
-14
What is (16 - 4 - 12) + -9?
-9
Evaluate (-11 - 8) + 7 - 0.
-12
What is -2 + (4 + 2 - 4 - 5)?
-5
Calculate (-74 - -22) + 14 + 56.
18
2 + 0 + (5 - 8) + -3 + 18
14
What is the value of 1 - (-3 - 2) - (-10 + 15)?
1
Evaluate 11 + (0 + -8 - 9).
-6
Evaluate -13 + (-7 + -12 + 9 - 0).
-23
Evaluate 11 + -2 + (-5 - 3).
1
Evaluate (-2 - -7) + -12 + (3 + -1 - -2).
-3
What is 20 + -33 - (23 - 18)?
-18
Evaluate 2 + 3 + (-16 - -10).
-1
What is 4 + -7 + (7 - 5) + -4?
-5
What is -50 - (34 + 26 + -95)?
-15
What is -4 + (8 + 6 + -8 - 8) + -2?
-8
-20 - 0 - (611 - 632) - (-1 + 19)
-17
Calculate (11 - 4 - -1) + 5.
13
Calculate -8 + 1 + (-40 - -47 - (-1 + -2)).
3
Calculate 7 - -18 - 7 - 5.
13
Evaluate 21 + ((-36 - -38) + (1 - 1) - 1).
22
What is 21 - 19 - (0 - 5 - (0 - -5))?
12
Calculate -29 + (48 - 24) + -2 + 13.
6
Calculate -14 + (-25 - -13 - -14) - -14.
2
What is the value of 9 + -20 - (-56 + 12) - 11?
22
Calculate 89 - 78 - (1 + -7).
17
Evaluate (-9 - -10 - ((-8 - -7) + -5)) + -8.
-1
Evaluate (7 - -4 - 3) + (-4 - (-9 + -1)).
14
Calculate 0 - ((22 - (8 - 2 - -2)) + -7).
-7
Calculate 21 + (3 - (11 - 3)).
16
Calculate -6 - ((46 - 43) + 3 + -9).
-3
What is the value of 25 + -57 + 22 + (2 - (1 + -6))?
-3
What is the value of -1 + 26 + (-153 - -110)?
-18
What is -2 + (0 - 0) + 0 + (-258 - -251)?
-9
3 - (-8 - (1 + -27 + 8))
-7
Calculate -8 - (8 + (-3 - (0 + -5))).
-18
Calculate 11 + (1 + 14 - 11).
15
Calculate -13 - (-16 + 2 + -3 - (-89 + 82)).
-3
6 + 17 - (3 + 13)
7
What is (-8 - 13) + 27 + -19?
-13
Calculate -4 - -15 - (-20 + 31).
0
What is 0 + (1 - (6 + -3)) + (39 - 25)?
12
Calculate -1 + 28 + (15 - 7).
35
What is -7 + 1 + 2 + 6?
2
Evaluate 25 - (23 - 14 - 13 - -18).
11
What is the value of (16 + -18 - -11) + 23 + -13?
19
Calculate (7 - 0) + (-6 + -1 - (14 - 26)).
12
(23 - 24 - 27) + 30
2
What is -424 - -401 - (2 - 26)?
1
(7 + (11 - 9) - -7) + -6 + 1
11
Calculate -1 + -12 - -15 - (-14 - (4 + -5)).
15
What is the value of -14 - (-58 + 2 + 0 + 12)?
30
What is the value of -3 - 5 - -23 - 4 - 26?
-15
6 - (-21 + (-7 - -41))
-7
Calculate -28 + 4 + 11 + 23.
10
What is 1 + -7 + (12 + 10 + 1 - 14)?
3
5 - (8 - 3 - (5 + -3 - -3))
5
What is the value of (6 + -3 - -41) + (-103 - -95)?
36
-38 - (2 + -15) - -22
-3
What is the value of 190 + -206 + (-2 + 3 - (-1 + 0))?
-14
What is the value of 50 + -55 + (-1 - -21) + -2?
13
13 + (-23 - -35) + -28
-3
Calculate (6 - -12) + -11 + 2 + -31 + 10.
-12
Calculate -20 - 1 - -18 - (-2 + 19 - 1).
-19
What is the value of (5 - -12) + 0 + (-13 + 7 - -7)?
18
(23 - (3 + 9)) + (5 - (11 - 1))
6
(8 - (12 - 8 - (1 + -4))) + -1
0
Calculate (-4 - (-3 + 3)) + -1 - (17 - 25).
3
0 + 20 - ((15 - -19) + -18)
4
-2 - -16 - (10 + (27 - -3))
-26
What is (2 - -9) + (37 - (28 + 23))?
-3
What is (16 - 0) + 6 + -24 + -28?
-30
What is 12 - 0 - (33 - (-3 - -28))?
4
Calculate -60 + 43 - (-2 + 1 - -1) - -9.
-8
What is the value of -8 + -5 + 5 + 15?
7
What is 1 + (21 - (16 + -2))?
8
What is the value of (193 - 196) + (-7 + 3 - -3)?
-4
Calculate (11 - (10 - -9 - 8)) + (-3 - -1).
-2
17 - (-12 - (6 + -10 + -8))
17
-11 - -38 - 37 - -40
30
Calculate (1 - 3) + (20 - 3).
15
Evaluate 2 + 2 + -3 + -3 + (-19 - -28).
7
Calculate 9 - (-6 + -7 + 45 + 9 + -7).
-25
7 + -29 + 11 - -22 - (-28 - -1)
38
Evaluate 2 + -19 + -15 + 10.
-22
What is -27 - -2 - (-217 + 201)?
-9
Calculate -1415 + 1414 + -1 + 10.
8
What is -14 + (15 - 14) - 21?
-34
99 - 123 - (2 + -2 - (3 + 0))
-21
Evaluate -13 - 0 - (8 + -17 - -4).
-8
Calculate -2 + 3 + -7 + 6 - (-2 + 24).
-22
What is the value of -14 - ((-10 - -9) + -6 - -5)?
-12
Evaluate (-4 - (4 - 2)) + 38 + -41.
-9
Calculate 4 + (1 - (-7 - -8 - -11)).
-7
Calculate -44 - (-44 - -26) - (2 - 6 - 1).
-21
What is the value of 0 + 7 + -6 + 0 + 7 + 0?
8
What is the value of -24 + 0 + (3 - -8) - (-3 - -1)?
-11
132 + -151 + -1 + 10
-10
What is the value of -5 + -4 + (25 - (-4 - 2))?
22
Calculate 11 - 29 - (-22 - 9).
13
What is (12 - (23 - (23 + -10))) + (0 - 2)?
0
(3 - 7 - -1) + 2 + 4 + -2
1
Calculate 2 + (-17 + 8 - (-1 - 5)) + 14.
13
-6 - (-25 + -12 + 20)
11
Evaluate 5 - (-6 + 3 - 7) - (1 + -4).
18
Calculate 1 - (-8 - -13) - -11.
7
Calculate 3 - ((-1 - (-8 - -1)) + -1 + -3).
1
Evaluate (-38 - -29) + 11 - ((-2 - 20) + 2).
22
Evaluate 10 + (2 + -2 - -6) + (-9 - -9).
16
Evaluate (0 + (-2 - -5) - 0) + 35 + -38.
0
Calculate 19 + (-6 - -2) + -16.
-1
What is -8 + 0 - (8 + 2)?
-18
-1 - 18 - (25 + -63)
19
-22 + (2 - 5) + (11 - 2)
-16
What is -8 - (-6 + -25 + 10)?
13
What is -196 - -195 - (2 - -1 - -2)?
-6
What is the value of (0 - (-9 - (-1 + -3 + -3))) + 3?
5
What is the value of -6 + 14 + -6 + -3 + -1 + -3?
-5
-1 - -13 - (-4 + (28 - 14))
2
1 - ((-18 - -10) + (4 - (-1 + 2)))
6
Evaluate (19 - (-9 - (17 + -32))) + -4.
9
Calculate (-2 - (-2 + 0)) + -26 + -17 + 56.
13
Evaluate -30 + 1 + 11 - -8.
-10
What is the value of -3 + 6 + 6 + -19 - -15?
5
What is 8 + (-1 - 9) + 0 + 9?
7
What is the value of 281 + -286 + -1 + (1 - -9)?
4
Evaluate (-9 - (3 - 2) - -5) + -6.
-11
11 + (0 + 0 - 0)
11
(4 - 29) + (22 + -14 - -6)
-11
18 + -26 + 0 + 18 - (3 - 2)
9
0 - (-3 + (9 - 12) + (-8 - -1))
13
Calculate -13 - (18 - 1 - -1 - 68).
37
What is (-2 - -10 - 0) + -215 + 198?
-9
Evaluate -1 - (2 - -1) - (-50 + 24 + 35).
-13
What is 24 - 7 - (20 - -2)?
-5
Calculate -9 - (13 - (-7 + 10) - (2 + 26)).
9
What is -5 + (-11 - (-1 - (-7 + 21)))?
-1
What is 1 + 9 + -17 + 14 - 5?
2
Evaluate 6 + -16 + 3 + -4.
-11
2 + 0 - (30 + -27) - (22 + -21)
-2
What is (28 - -3 - 7) + 7 + -13?
18
Evaluate -7 + (-25 - -30) - 15.
-17
What is the value of (1 - 9) + (-30 - (25 - 59))?
-4
(6 - 0 - (-29 + 9 + 12)) + -1
13
Evaluate -153 + 142 + (3 + 2 - -19).
13
What is the value of (13 + -11 + 16 - 11) + 28?
35
Calculate 14 + (-4 - 40 - -16).
-14
-20 - (6 - -5 - 56)
25
Calculate 11 + -7 + -4 + (3 - (4 - -1)).
-2
What is (-8 - (12 - (5 + 2))) + (6 - -1)?
-6
Evaluate -12 + (-9 + 15 - (-4 + (4 - 1))).
-5
What is -10 + 4 + (53 - 40)?
7
What is the value of 2 + 4 - (-56 + 55) - 8?
-1
Evaluate 8 + -17 + 5 + 25 - 2.
19
Evaluate (0 - 4) + -7 + 12.
1
Evaluate -112 + 68 + (-4 - -28).
-20
Evaluate 1 + (1 - -2) + 1 + -8.
-3
Calculate (1 - -10 - (3 - 5)) + 8.
21
Evaluate (-1 - -1) + 11 - -10 - (2 + 4).
15
What is the value of (4 - 2 - 1) + (-15 - -13)?
-1
What is the value of -7 + 13 - (-51 + 37)?
20
-4 + 3 + 13 + -5 + (-12 - -17)
12
What is 1 - 1 - (15 - 40 - -11)?
14
-10 - (9 + (-9 + 3 + 14 - 26))
-1
What is the value of -6 + (2 + -7 - (-11 + (-1 - -18)))?
-17
Evaluate -10 + (-8 - 3 - -15).
-6
Evaluate 2 + (-4 + 11 + 9 - (-1 - -1)).
18
What is the value of 50 + -38 + (-6 + 3 - 3)?
6
What is the value of 2 - (-5 - -1) - (3 - -10 - 6)?
-1
(-3 - (15 - 17)) + -11
-12
What is -8 + (-3 + 4 - (-31 + 37))?
-13
What is -15 - ((-6 - -6) + -2 + 4)?
-17
-7 + (44 - (-21 - -43))
15
Calculate -6 - (7 + (-7 - -1) + 3 + 2).
-12
-13 + (-34 - -40) + (2 - 14)
-19
Evaluate 27 + -47 + 48 + -28.
0
Calculate 